 - 11*x - 4. Let j be d(8). Suppose -j + 361 = -3*c. List the prime factors of c.
233
Let o(l) = 5356*l + 3186. What are the prime factors of o(5)?
2, 14983
Let f = -16250 + 23221. List the prime factors of f.
6971
Let s(k) = 5*k**2 + 6*k - 5. Let m be s(1). What are the prime factors of (-1154)/6*(-18)/m?
577
Let d = -80 - -95. Suppose -5*a - d = 0, -9*x + 6*x = -5*a - 1794. List the prime factors of x.
593
Let y = 14072 + -1554. Suppose -y = -19*z - 3*z. List the prime factors of z.
569
Let z be (-6120)/(-105) - 2/7. Let b = z - 54. What are the prime factors of ((-35)/(-42))/(b/6)*68?
5, 17
Suppose -2*r + 34*y + 8 = 32*y, -3*r - 3*y = 18. Let k(w) = -852*w**3 - 21*w - 22. List the prime factors of k(r).
23, 37
Suppose -v = -15729 - 9331 + 3053. List the prime factors of v.
59, 373
Suppose -1551 = -0*v - v. Let x = 5040 - 5030. List the prime factors of (1 + x/6)*v/22.
2, 47
Let u be 0/1 + -8 - -520. Suppose 3*y - d - d = -42, 0 = y - d + 13. What are the prime factors of (7/(-4))/(y/u)?
2, 7
Let z(a) = a + 10. Let d = 108 - 102. Let o be z(d). Suppose -24*j = -20*j - o. What are the prime factors of j?
2
Let s(r) = 16*r**2 + 47*r - 83. List the prime factors of s(-16).
3, 1087
Suppose 18950 = 15*g - 19480. List the prime factors of g.
2, 3, 7, 61
Let q(h) = -h**3 + 5*h**2 + 6*h + 7. Let l be q(6). Let w(s) = 8 + 7 + 8*s**2 - 7*s**2 - 7*s + 0*s. What are the prime factors of w(l)?
3, 5
Let p(v) = -32*v**3 + 7*v**2 + 2*v - 1. Let h(r) = -33*r**3 + 8*r**2 + r - 2. Let k(s) = -3*h(s) + 4*p(s). List the prime factors of k(-2).
2, 3, 5
Suppose 3*z - 24 = -3*v, -2*v - 2*z - 28 = -4*v. Suppose -25*c + 235 = -715. Let r = v + c. What are the prime factors of r?
7
Suppose 3*h = -3, h - 6*h + 239 = 4*w. Suppose 0*r + 4*r = -d - 53, 3*d + w = -5*r. Let j = 57 + r. List the prime factors of j.
43
Let m(k) = 6*k**3 + 7*k**2 + 40*k - 126. List the prime factors of m(5).
3, 37
Let x(a) = 71*a - 47. Let j = 103 + -93. List the prime factors of x(j).
3, 13, 17
Suppose 478 = -3*s - 62. Let w = s - -525. What are the prime factors of w?
3, 5, 23
Let k(j) = -j**3 - 3*j**2 + 11*j + 8. Let f be k(-5). Let c be 10/(-18)*-3*f. What are the prime factors of 0/c + 165 - 3?
2, 3
Suppose 1184*o + 5 = 1179*o. Let x(h) = h**2 - 2*h + 1. Let l be x(2). List the prime factors of (2 + l + -6 - o) + 25.
23
What are the prime factors of 29253 + 1*(-2)/(-1)*(-3)/6?
2, 71, 103
Let x(i) = 2*i**2 + 7*i - 546. What are the prime factors of x(63)?
3, 7, 373
Suppose 70788 + 12480 = 10*j - j. What are the prime factors of j?
2, 3, 257
Suppose -16*u = -1 - 31. Suppose l - u*i - 238 = 0, 4*l + 4*i = 9*l - 1208. List the prime factors of l.
2, 61
Suppose h = 3*r + 142 + 67, 4*h = 2*r + 816. What are the prime factors of h?
7, 29
Let h be (3/6)/(5/690). Suppose -1035 = h*s - 74*s. List the prime factors of s.
3, 23
Suppose -5*i = 5*k - 68855, 183*i = 3*k + 185*i - 41309. List the prime factors of k.
3, 13, 353
Let j = -25900 + 44824. List the prime factors of j.
2, 3, 19, 83
Suppose 5*u + q = 2*q - 113, -9 = -3*q. Let y = u + 244. What are the prime factors of y?
2, 3, 37
Let g(q) = q**2 - 22 + 10 - 14 - 22 + 36*q. List the prime factors of g(22).
2, 307
Suppose 17 - 2 = 3*j - 3*t, 0 = -4*j + 2*t + 14. Let m(a) = 111*a**2 + 9*a. List the prime factors of m(j).
2, 3, 7, 11
Let k(u) = 3*u + 20. Let l = 68 - 73. Let b be k(l). Suppose 3*g = 7*m - 4*m - 135, 261 = b*m + 4*g. What are the prime factors of m?
7
Let j = -199 + -159. Let f = j - -595. What are the prime factors of f?
3, 79
Let s be 18/(-4)*(-28)/21. Let o(y) = y**3 - 4*y**2 - 12*y. Let f be o(s). Suppose -3*l + 283 = 2*t, -5*l + 695 = 5*t - f*l. What are the prime factors of t?
2, 67
Suppose 0 = 20*z - 23*z + 131646. Suppose 43*n = 6*n + z. What are the prime factors of n?
2, 593
Let y(w) = 234*w**2 + 27*w - 1 - 7*w - 5*w - 11*w. List the prime factors of y(1).
3, 79
What are the prime factors of (112/12)/14 + (-32)/(-6)?
2, 3
Let q = 110 + -110. Suppose -5*o + 15 = q, o + o + 216 = n. List the prime factors of n.
2, 3, 37
Let a be ((-10)/(-4))/((0 - -1)/2). Suppose 4*v - 5*s + 729 = -0*v, v + 186 = a*s. Let h = 389 + v. What are the prime factors of h?
2, 13
Let p(f) = -f + 40. Let d = -60 - -64. Suppose d*m + 7 = 5*m. What are the prime factors of p(m)?
3, 11
Suppose 36552 = 3*r - h, 2*h - 46482 = -4*r + 2274. List the prime factors of r.
2, 3, 677
Let h be (-40)/180 - ((-3830)/(-18) - -2). Let u = h - -343. List the prime factors of u.
2
Let k(g) = 8*g - 35. Let t be k(8). Suppose 25 = -h - t. List the prime factors of 200/(-15)*(h/15)/3.
2
Suppose 0 = 5*v - 3*t - 99471, -5*v - 12792 = -4*t - 112255. List the prime factors of v.
3, 11, 67
Let q be (-3494)/(-14) - 5/((-70)/(-8)). Let n = 563 - q. What are the prime factors of n?
2, 157
Let s(p) = p**2 - 7*p + 6. Let u be s(5). Let x(i) = -i + 21. Let f be x(u). Suppose -f*v + 26*v = 293. What are the prime factors of v?
293
Let x = 135790 - 66104. List the prime factors of x.
2, 34843
Let o be 1 + 2 - (-4 - (-9 - 17)). Let d = 41 + -11. List the prime factors of o/((d/25)/(-6)).
5, 19
List the prime factors of -7 + -4 + -6 + (2 - -36452).
83, 439
Suppose 0*r = 4*r - 0*r. What are the prime factors of -1906*13/(-52)*(r - -2)?
953
Suppose -11960 + 2424 = -32*w. Let m = 555 + w. List the prime factors of m.
853
Let r be (5 + -2)*(32/3)/1. Suppose 31*q + 443 = r*q. What are the prime factors of q?
443
Let r be 174/145*(-10)/(-3). Let k(u) = u**3 + 5*u**2 - 2*u + 8. What are the prime factors of k(r)?
2, 3
Let q be -6 + 6 + -1 - -288. List the prime factors of (-6)/((-84)/q)*(-2)/(-1).
41
Let g be (-4)/(-8) - (-2 - (-19112)/(-16)). Suppose -19065 = -22*c + g. List the prime factors of c.
3, 307
Let k(m) = -3*m + 32. Let p(j) = -j**3 + 8*j**2 + 13*j - 26. Let z be p(9). Let c be k(z). List the prime factors of 286/2 + (c - (0 + 3)).
2, 71
Suppose 4*p - 5*o - 33 = 0, -4*p - 5*o + 17 = -6. Suppose p*d = 6*d. Suppose d*s - 3*s = -2*m - 175, -2*s + 2*m = -118. What are the prime factors of s?
3, 19
Let d be (-4)/(-21)*12 - (-2)/(-7). Suppose 3*c = -a - 0*a - 5, -d = 4*c - a. List the prime factors of (5 - (-55)/(-35))/(c/(-7)).
2, 3
What are the prime factors of 15 + 2282/(-154) - (-330128)/22?
2, 3, 41, 61
Suppose -24 = -6*p + 270. Let j = p - 34. List the prime factors of j.
3, 5
Let w(u) = -u**3 - 5*u**2 + 11*u + 22. Let f be w(-6). Let v = -9 - f. List the prime factors of -3*v*(-415)/(-15).
83
Let k(m) = m. Let d(q) = 58*q - 70. Let g(t) = -d(t) - 8*k(t). What are the prime factors of g(-5)?
2, 5
Suppose 24049 = 2*h + r + 6817, -4*r = 6*h - 51702. List the prime factors of h.
3, 11, 29
Suppose 2*z = v + 257, -v - 4*v + 101 = z. Let n = z + 116. Let g = n + -139. What are the prime factors of g?
103
Let p be 3*-38*(-5)/60*-6. Let c = p + 59. Suppose c = -d + 142. List the prime factors of d.
2, 5, 7
Suppose j = 5*t - 98105, 3*j + 241916 = 16*t - 72020. What are the prime factors of t?
7, 2803
Suppose j - 1436 = -2*u, 3*j - 7*j + 5*u = -5757. Suppose -914 = -6*n + j. List the prime factors of n.
2, 7
Let n be 4*((2 - 4) + 3). Suppose -136 = -3*a - 0*a + 2*c, 4*a - n*c = 180. Suppose a = -4*k + 602. What are the prime factors of k?
139
Suppose -118*p + 987692 = -2832794. List the prime factors of p.
32377
Let n = 40 + -38. Let b(c) = 109*c + 8. What are the prime factors of b(n)?
2, 113
What are the prime factors of 5*7777/11 - 6?
3529
Let q = 21 - 23. Let v be (-1 + -3)/4*q. Suppose 4*c + n = 218 - 47, -5*n = -v*c + 91. List the prime factors of c.
43
Let g = 49 - 47. Suppose -g*i = -3*i + 372. Suppose i = 14*o + 50. What are the prime factors of o?
23
Suppose -17620*m + 17628*m = 385296. List the prime factors of m.
2, 3, 23, 349
Let s(q) = 71*q**2 + 57*q - 249. Let n(g) = 18*g**2 + 13*g - 62. Let w(o) = 9*n(o) - 2*s(o). What are the prime factors of w(6)?
2, 3, 113
Suppose -14*w + 75 = -13*w. Let f = -71 + w. Suppose f*j = 54 + 322. List the prime factors of j.
2, 47
Suppose -5*j = 2*u - 6391, -168 - 2382 = -2*j - 4*u. Suppose -5*m - d + 3240 = 0, 3*d + j = -3*m + 5*m. What are the prime factors of m?
647
Suppose 195 + 245 = 22*c. What are the prime factors of 3 + 13932/c - (-18)/45?
2, 5, 7
Let q = -15392 + 23473. List the prime factors of q.
8081
Suppose 5*q - m - 2*m = 29, 